8 - 58. What is the units digit of l(c)?
8
Suppose 4*a - 14780 + 2315 = -f, -a - f = -3114. What is the tens digit of a?
1
Let z = 1851 + -344. What is the thousands digit of z?
1
Let i = -37 + 41. Suppose 0 = -5*k + 2*z + 215, -27 + 7 = -i*z. What is the units digit of k?
5
Let x(l) = -l**2 + 70*l + 79. What is the units digit of x(31)?
8
Suppose -15*q + 90 = -10*q. Suppose -3*n = q - 3. Let z(t) = -8*t + 6. What is the units digit of z(n)?
6
Let w(s) = 3*s - 7. Let v be w(3). Suppose g - 165 = -4*m, -3*m - 171 - 181 = -v*g. What is the units digit of g?
3
Let n(l) = l**3 + 18*l**2 + 14*l - 35. What is the hundreds digit of n(-16)?
2
Suppose -90 - 75 = -3*x + 2*s, -x + 4*s + 45 = 0. What is the tens digit of x?
5
Let k(z) = 113*z + 23. What is the units digit of k(1)?
6
Let r = 2697 + -1707. Suppose -3*k + r = 3*k. What is the tens digit of k?
6
Suppose 6*i - 5*i = 455. What is the hundreds digit of i?
4
Let s(x) = 244*x**2 - 3*x - 1. What is the units digit of s(-2)?
1
Suppose 2*f + 5*k - 353 = 890, -4*k + 620 = f. What is the hundreds digit of f?
6
Suppose 0*g - 4*g = -j - 532, 4*g - 2*j = 528. Let l = g - 77. Suppose -4*p - l = -f - 160, 4*p = 5*f + 83. What is the units digit of p?
7
Let a(p) = 1912 - 1916 - 13*p + 75*p. Suppose -5 = f, 0 = -l + 2*l - 3*f - 16. What is the tens digit of a(l)?
5
Let y(i) = i**3 + 5*i**2 - 2*i - 11. Let a be y(-5). What is the units digit of 80/(-6)*a*6?
0
Suppose -6 = s - 3*s. Suppose s*g - 7*g = -4*l + 92, -2*g - 27 = -l. What is the tens digit of l?
1
Let c = -542 - -356. Let f = c + 436. What is the units digit of f?
0
Let j = -80 - -70. What is the tens digit of 140/21*(-96)/j?
6
Let v = 347 - 564. Let c = -22 - v. What is the tens digit of (-2)/(-3)*c/10?
1
Let b = 387 - -11. What is the hundreds digit of b?
3
Suppose 4*g - 191 - 193 = 0. Suppose 12 = -2*d + g. What is the tens digit of d?
4
What is the units digit of (-1 - 28/(-20))/((-3)/(-5310))?
8
Suppose 3331 = f + 2*c, 137*f - 3*c + 9978 = 140*f. What is the units digit of f?
1
Let l = 104 + -102. Suppose -l*x + 3*c = -22 - 13, 54 = 3*x - 4*c. What is the units digit of x?
2
Let y = -54 - -102. Suppose c + c = y. What is the tens digit of c?
2
Suppose 12 = 6*s - 3*s. Suppose z = i + 14, z - s*i + 64 = 5*z. What is the tens digit of z?
1
Let d = -51 + 43. Let x = d - -19. What is the tens digit of x?
1
Suppose -2*f - 2*f = 3*v - 4, 4*f = 5*v + 4. Let m(a) = 5*a - 2. Let w be m(f). Let q = 25 + w. What is the units digit of q?
8
Let q(h) = -h**3 - 4*h**2 - 7*h - 1. Suppose 12*b - 30 = 17*b. What is the units digit of q(b)?
3
Let z = 867 - 470. What is the units digit of z?
7
Let o be (10/7)/(2*(-2)/(-56)). Let p = -2 - 14. Let i = p + o. What is the units digit of i?
4
Let y(k) = -k**3 + 33*k**2 - 34*k - 99. What is the hundreds digit of y(25)?
0
Let o be (46/(-6))/(5/15). Let x = 49 + o. Suppose 14 = 5*n - x. What is the units digit of n?
8
Let a = 87 + 3. Let v = -15 + 22. Suppose -2*o = 3*k - a, -k + v = -4*o - 9. What is the units digit of k?
8
Let d(i) = -13*i + 1. Let z be (-15)/13 + 18/117. Let o = z - 2. What is the units digit of d(o)?
0
Suppose 2*m = -103 + 667. What is the hundreds digit of m?
2
Let c be (-3)/15*0 + 7. Suppose h = -5*k - c + 2, 2*h = -5*k + 15. What is the units digit of 2/((-1)/(h/(-5)))?
8
Suppose 11*h = -0*h - 165. What is the units digit of (-6)/9 + (-2410)/h?
0
What is the tens digit of 5 + (7 - 14 - -239)?
3
Let n = -153 - -226. What is the units digit of n?
3
Suppose -f - 7 = -5*a, -4*f = 3*a - 0*a + 5. Suppose -4*x = a - 161. What is the tens digit of x?
4
Suppose -4*a - a + 3695 = 0. What is the hundreds digit of a?
7
Suppose 0 = -8*m + 4*m - 4. Let g(n) = 1. Let u(k) = 25*k + 2. Let l(h) = m*u(h) + 3*g(h). What is the units digit of l(-1)?
6
Suppose 3*o = -3*b + 33, -o = 63*b - 60*b - 13. What is the tens digit of o?
1
Let h(m) = 11*m**2 - 6*m - 2. Let i be h(4). Suppose -13*o = -8*o - i. Suppose -5*b = -2*g + 14, -g - 5*b - 8 = -o. What is the units digit of g?
2
What is the units digit of 39/117 - 9663/(-9)?
4
Suppose 4*w = -3*b + 17 + 15, -w + 5 = 0. Suppose b*g + 24 - 308 = 0. What is the units digit of g?
1
Suppose -s + 1 = 3*r, 3*r + 3 = -6. Suppose -4*p + 453 = -q, -3*p + 9*q = s*q - 331. What is the tens digit of p?
1
Let x be (4 - (-28)/(-12))*3. Let b = 10 - x. Suppose -175 = -b*s - h, 4*s + 4*h - 124 = -0*s. What is the units digit of s?
6
Suppose -3*t = -5*p + 1081, 3*t - 1060 + 206 = -4*p. What is the hundreds digit of p?
2
Suppose -h - 2*j = -235, -4*h + 2*j - 6*j = -932. What is the units digit of h?
1
What is the units digit of (-2763)/(-24) - (-1)/(-8)?
5
Let v = -359 - -812. What is the units digit of v?
3
Let l = -62 + 71. Suppose l = 2*z - 5. What is the units digit of z?
7
What is the tens digit of (1*2/6)/((-9)/(-1458))?
5
Suppose 0 = 5*s - 25 + 10. Let p be 7/(-3) + (-2)/s. What is the units digit of (-4 + 3)/(p/9)?
3
Suppose 0 = -2*q - 26*s + 30*s + 28, 4*q - 36 = 3*s. What is the units digit of q?
6
Suppose 3 = -5*p + i - 0*i, 15 = 3*p + 5*i. Suppose x + 4*v = 48, 0*x + 3*x - 3*v - 99 = p. What is the tens digit of x?
3
Suppose -5*a + 3632 - 14 = 4*b, 3626 = 4*b + a. What is the hundreds digit of b?
9
Let x = 4 - 1. Let l(j) = -2*j - x*j**2 + 3 + 9*j**2 - 5*j**2 - j. What is the tens digit of l(7)?
3
Let i = -3 + 5. Suppose u + i*u = -24. Let f = u - -20. What is the units digit of f?
2
Let w = -628 - -1150. What is the tens digit of w?
2
Let z be 9/6*-2 - -7. Suppose -x = 4*m + 371, z*x + 3*m + 356 = -1063. What is the units digit of x/(-15) - 4/10?
3
Suppose -5 - 7 = 4*u. Let h be 4 - (-6)/(0 + u). Suppose -p + h*p = 32. What is the tens digit of p?
3
Let s(h) = -2*h + 10. Let u be s(6). What is the units digit of (-45)/(-60)*(u - -98)?
2
Suppose 4*w = 3*t - 6*t + 132, -4*w + 104 = -4*t. Let r = -18 + w. What is the units digit of r?
2
Let r(m) = 683*m**3. What is the units digit of r(1)?
3
Let w be (-274)/(-6) + (-2)/3. Suppose -9*t + 504 = -2*t. Let x = t - w. What is the units digit of x?
7
Let i(g) = -111*g**3 + g. Let k be (-6)/(6/(-3)) + -4. Let j be i(k). Suppose -80 = -3*u - 5*y, 4*u + 5*y - j = -10. What is the units digit of u?
0
Suppose -9*n + 8*n = -41. Suppose p - n - 21 = 0. What is the units digit of p?
2
Let v be (-4)/(-6)*(-27)/18. Let m be (-6 + 6)*(v + 0). Suppose -x - 3*c + 47 = m, -29 - 119 = -4*x - 4*c. What is the units digit of x?
2
Suppose -d + 0*d - 1 = 0, -4*b + 103 = -3*d. Suppose w = 6*w - b. Suppose 1 = -2*p - w*c, 7*p - 3*p - 13 = -5*c. What is the units digit of p?
7
What is the tens digit of (164 + -246)*(1*-1 - 0)?
8
Suppose 4*l - 3 = 17. Suppose 123 = -l*y - 57. Let b = -31 - y. What is the units digit of b?
5
What is the tens digit of (-3 - 1)/((-32)/14080)?
6
Let m = 10 - 9. Let g be (-3047)/(-33) + m/(-3). Let z = 130 - g. What is the units digit of z?
8
Let b(c) = c**2 - 7*c - 8. Let v be b(8). Let g(l) = v*l**2 + l**2 - 5*l**2 - 2*l + 5*l**2. What is the units digit of g(-2)?
8
Suppose -5*d + 4*b = -60, -1 = -2*d - b - 2*b. Suppose k - 5 = 0, 3*k - d*k + 25 = -4*p. Let r(n) = -n + 29. What is the units digit of r(p)?
9
Let n(x) = -2*x + 3. Let l be n(-4). Suppose -9*g = -l*g + 30. Suppose 0*a = a - g. What is the tens digit of a?
1
Let y = 10 - 6. Let h be 36/8*y/3. Suppose -15 = -3*x, 5*x - 97 = -h*i + 2*i. What is the units digit of i?
8
Let r = -3 + 22. Let g = r - 16. Suppose 0*k - 4*l - 202 = -5*k, 0 = -4*k - g*l + 174. What is the units digit of k?
2
Let t be (-5)/((-20)/(-72))*1/1. Let v = t + 58. What is the units digit of v?
0
Suppose -27*k + 26*k = -5*n + 9634, -7684 = -4*n - 5*k. What is the thousands digit of n?
1
Suppose -11387 + 1771 = -8*i. What is the hundreds digit of i?
2
Let j = -250 - -178. Let x = 28 + j. Let a = -18 - x. What is the units digit of a?
6
Let u(w) = 6*w + 272. What is the hundreds digit of u(0)?
2
Suppose 2*f = -198 + 584. Let p = f - 127. What is the units digit of p?
6
Let h(x) = 43*x + 376. What is the units digit of h(46)?
4
Let x(k) = -138 + 134 - 17*k - 16*k. What is the tens digit of x(-5)?
6
Let s(g) = g**3 - 6*g**2 + 6*g - 6. Let d be s(6). Let z = d - 27. What is the units digit of -6 + z - 0 - -18?
5
Let x(u) = -u**2 - 5*u - 8. Let o be x(-4). What is the tens digit of (2 - 6)*49/o?
4
Let m = 